 number?
False
Suppose 4*d + 3*n = 32, 0 = -d - 2*d - 2*n + 25. Let f(z) = 38*z**2 + 9*z + 24. Is f(d) a composite number?
False
Is (519/6)/(-2 + 4)*(68 - 0) a prime number?
False
Let w(b) = 3*b**2 - 20*b + 17. Let f = -18 + 13. Let t be -36*f/(-30)*-3. Is w(t) a composite number?
True
Let l(c) = -2*c**2 + 7*c + 1. Let r be l(4). Let s be ((-2)/(-3) - 0)/(1/r). Is ((-5)/s - 0)*(36 + -2) prime?
False
Let p(j) = 5294*j + 601. Is p(9) a prime number?
True
Let n(f) = 396*f - 23. Let r(l) = -23*l + 7. Let v be r(-3). Let b = 79 - v. Is n(b) composite?
True
Let h = -112 - -115. Is 16/24 + 89671/h a prime number?
False
Is (-3838)/(-114) - 31 - (-2641550)/6 a prime number?
True
Suppose -2*r + 3 = 1, r + 128125 = 2*p. Is p prime?
True
Is (38/285 - 5091202/(-60))*(-24)/(-36) a composite number?
False
Let z = 339 - 334. Suppose 4*i + z*r = 6*i - 227, -4*r - 448 = -4*i. Is i a composite number?
True
Suppose 38*q = 34*q - 10024. Let z = 4429 + q. Is z a composite number?
True
Let z = 306 - 302. Let t(l) = 9*l**3 - l**2 - 12*l + 29. Is t(z) a composite number?
False
Let i(r) = -7*r - 170. Let f be i(-23). Is (-219241)/(-57) - 6/f a composite number?
False
Let w(z) = 2*z**2 + z - 1. Suppose 4 = -4*q, -3*q = -3*l - 17 - 4. Is w(l) a composite number?
True
Suppose -6*s + 3*s + 72 = 0. Let x = s + -28. Is -329*(x + 3)/1 a composite number?
True
Let g(x) = -3*x + 16. Let q be g(5). Suppose 0 = -k - 5*y - q + 5, 12 = 3*k - 4*y. Suppose -1835 = -5*o - k*t, 0*o + 5*t = -3*o + 1088. Is o composite?
True
Suppose -5*c - 5*r = -45, 2*c - 2*r - 2 = -0. Suppose -1032 = -c*h + 453. Let t = 460 - h. Is t prime?
True
Let a be 4/10 + (93180/50 - -6). Let q = -611 + a. Is q a composite number?
False
Let k(j) = 718*j + 337. Is k(18) composite?
True
Let s(c) = -4*c**3 + 2*c**2 + 4*c + 3. Let y be s(-1). Let x be 2 + 1/(y/26350). Suppose 4*p - g = x, 3*p + 4*g - 2776 = 1197. Is p prime?
True
Let b be 34/221 - 2/13. Suppose 9*p + 1433 - 6176 = b. Is p prime?
False
Suppose 2*z = 5*z - 12, -354 = 3*x + 3*z. Let c = x + 169. Is c prime?
True
Let v(x) = -3*x - 42. Let s be v(-15). Suppose 3*n - 4*a - 18 = n, -5*n - 4*a = -s. Suppose 1325 = n*p - 2*i, 0*p - 915 = -2*p - 5*i. Is p prime?
False
Is ((-3178404)/48)/((-30)/40) prime?
True
Suppose -2*m - g - 701 = -203094, 7*m + 5*g - 708374 = 0. Is m composite?
False
Suppose 3 = w, 44*i + 3*w = 40*i - 179. Suppose -2*s - u = -0*s - 5, -3*s + 2*u = -18. Is ((-20)/(-16)*s)/((-1)/i) a composite number?
True
Let m(c) = -2*c**3 + 107*c**2 + 528*c - 15. Is m(-58) a composite number?
False
Suppose 2765*q - 2778*q + 9158981 = 0. Is q prime?
False
Suppose -x - 3*x + 36 = 0. Let w(m) = 0*m**2 + m**3 + 22 - 5*m**2 - 63*m + 60*m + 0*m**3. Is w(x) a composite number?
True
Let v be (-4)/(-14) + 568/(-28). Let b(f) = f**3 + 23*f**2 + 11*f - 13. Let s be b(v). Suppose 5*k - 6*k = -s. Is k a composite number?
False
Let a = 623 - -5984. Is a/(-1)*(-5)/5 a composite number?
False
Let p(t) = -90*t**3 + 2*t**2 + t. Let y be (9/(-3))/3 + 8. Suppose 1 = -y*j - 6. Is p(j) composite?
True
Suppose 19*v - 7*v = 2774202 + 1122690. Is v prime?
False
Let p be 2/1 - (-4454)/17. Let t = p + -144. Let d = 661 - t. Is d composite?
False
Let f(y) be the second derivative of -65*y**3/6 - 11*y**2/2 + 73*y. Is f(-2) prime?
False
Let d(w) = -2730*w**3 - 5*w**2 - 207*w - 57. Is d(-11) composite?
True
Is (-9)/(-33) + 9311070/165 a prime number?
True
Let p = 22 + -19. Suppose 0*t = -5*t - 3*t. Suppose t*y - 345 = -p*y. Is y prime?
False
Let n(u) = 476*u**3 + 8*u**2 - 25*u - 16. Is n(7) composite?
False
Let g(c) = 44*c**2 - 88*c - 43. Is g(66) prime?
True
Let m = 1830263 + -1085386. Is m a composite number?
True
Is (-755)/1359 + 17222428/18 a composite number?
False
Suppose i - 342 = 164. Let r = 2679 - i. Is r composite?
True
Let p be ((-1)/((-8)/120))/(1 - -2). Suppose 0 = -p*o + 25, -2*v - 4*o - 3320 + 14454 = 0. Is v prime?
True
Suppose 8710714 = 36*g + 95*g. Is g a prime number?
False
Let t(d) = 342*d**2 - 14*d + 41. Is t(6) a composite number?
False
Suppose o = -4*s + 1886992, 5*s + 4*o = 1028926 + 1329803. Is s a composite number?
False
Let f = 1840 + -1020. Suppose -2427 = -5*x - 4*u + f, 2*u - 3241 = -5*x. Is x prime?
True
Let g(x) = 291*x + 20. Let q(u) = 874*u + 59. Let m(d) = -8*g(d) + 3*q(d). Is m(6) prime?
False
Suppose 23*i - 113888 + 67766 = 448585. Is i a composite number?
True
Let x be 31/((-4)/4)*(5 + -6). Suppose 91294 = 45*m - x*m. Is m a prime number?
True
Suppose 664 = 3*w + p, 3*p - 8*p - 232 = -w. Suppose w*t + 84098 = 236*t. Is t composite?
False
Let u(s) = 444*s**2 - 56*s - 1575. Is u(-34) a composite number?
False
Let d(h) = 2*h**3 + 8*h**2 + 3*h + 17. Let m be d(-4). Let n(k) = k**3 + 93*k**2 + 4*k - 97*k**2 - 7 + m*k. Is n(6) a composite number?
True
Suppose -4*l = 5*a - 6666, -3*a + 3*l + 3986 = 2*l. Suppose a = 5*t - 145. Let c = t - 146. Is c composite?
False
Let d(v) = v**3 - 39*v**2 - 17*v - 33. Let w be d(36). Let f = w - -7460. Is f prime?
True
Let t(g) = 585*g**2 - 14*g + 10. Let m be t(4). Let k = m - -3775. Is k a composite number?
True
Suppose -280*p + 28129881 = -31962319. Is p a composite number?
True
Let g = -103 - -89. Let s be -108*(8/g - (-1)/14). Suppose 48*n = s*n - 2814. Is n a prime number?
False
Suppose s + u - 5 = 0, -3*s + 3*u - 19 = -22. Suppose k = -2*k + 4176. Suppose s*l - k = 279. Is l prime?
True
Let a = -520 - -514. Let c(o) = -o**2 - o. Let p(x) = -x**3 - 3*x**2 - 11*x + 7. Let w(g) = -c(g) + p(g). Is w(a) a composite number?
False
Suppose 29 = j - 39. Suppose a + 14 = p, p - a = -3*p + j. Let m = 193 + p. Is m a composite number?
False
Let u = 221 - 236. Let p(w) = -w**3 - 10*w**2 - 2*w - 52. Is p(u) a composite number?
False
Let z = -794945 - -1666938. Is z prime?
True
Let g(q) = q + 14. Let f be g(-10). Suppose 2 = f*x - 26. Suppose -x*p - 2865 = -10*p. Is p a prime number?
False
Let i(q) = -12*q**3 - 7*q**2 - 7. Let f be (-3)/(2 + 1/4)*-21. Let j = f - 34. Is i(j) prime?
True
Let h be -5 - 9/(-1) - 4. Is h*(-4)/(-12) - -889 prime?
False
Suppose 107 = 12*j + 23. Suppose 4*o = -4*g + 4672, -5*o = j*g - 3*g - 4677. Is g prime?
True
Suppose -436*y + 435*y + 2*l + 4491 = 0, 0 = 2*l - 2. Is y a prime number?
True
Let i(x) = -146*x**3 - 3*x**2 + 82*x + 271. Is i(-12) a prime number?
True
Suppose -103*q - 108*q + 16751125 + 781920 = 0. Is q a prime number?
False
Is 152455465/1131 - (-4)/(-78) composite?
True
Suppose 2 + 2 = 4*p. Let o be (p/2)/(6/3144*-2). Let i = 30 - o. Is i composite?
True
Let w = 109105 + -10332. Is w prime?
True
Let u = -151060 + 226617. Is u prime?
True
Suppose 75235 = o - 3*s, -5*o + 16*s - 12*s + 376241 = 0. Is o prime?
True
Is (626394/12)/(((-4)/2)/(-4)) prime?
True
Let h(z) = -3*z - 4*z**2 - 5*z**2 - 146 + 148 - z**3. Let u(p) = p**2 + 10*p + 8. Let q be u(-7). Is h(q) composite?
True
Let t(b) = 20*b - 81. Let q be t(4). Is 4/q + 91/(-28)*-3236 prime?
True
Is 96177/(-2)*23/(2622/(-76)) composite?
False
Let q be 7/28*-4*0. Suppose -5*c = s - 216, q*s = -5*s - 3*c + 1058. Is s a prime number?
True
Let m = 212257 - 53340. Is m prime?
False
Let d(k) = -79*k - 144. Let n(u) = 118*u + 216. Let i(w) = 7*d(w) + 5*n(w). Is i(7) prime?
True
Let n(g) = g**3 - 6*g**2 + 3*g + 11. Let v be n(5). Let b(k) = k + 2*k - k + 4*k**2 + 125*k**3 - 3*k**2 + v. Is b(2) composite?
False
Let m be (1/(20/84))/(3/90). Suppose 118*d + 2344 = m*d. Is d prime?
True
Let n = -3 - -6. Suppose -2*j = -n*j + 2466. Suppose -j = -u + 887. Is u a prime number?
False
Let w(i) be the second derivative of i**5/20 + 11*i**4/6 + i**3 - 14*i**2 - i. Suppose -105 = -0*d + 5*d. Is w(d) composite?
True
Is ((-27)/(-63) - (-76)/(-14)) + 11 + 113879 composite?
True
Let z(t) = 40*t**3 + 23*t**2 - 33*t + 23. Is z(37) a composite number?
False
Let h(v) = -1677*v + 128. Let d be h(-18). Suppose d = 28*s + 2902. Is s a prime number?
False
Let n = -54 - -59. Let m(h) = -2*h + 5 - 2 + 144*h**2 + n*h - 1. Is m(-1) prime?
False
Let u be -72*(0 + (-117)/12). Suppose u = 24*v - 18*v. Let m = 176 - v. Is m a composite number?
False
Let d be 3488/176 - (-2)/11. Suppose -17*f + 7*f + d = 0. Suppose -n = 0, 3*a - 4*a + f*n + 887 = 0. Is a a composite number?
False
Let y = 103627 - -345424. Is y prime?
True
Let h(a) = 2 + 10*a + 5 - 2 + 2*a. Suppose 0*u = 2*u